umber?
False
Suppose 4*h = 722 + 1730. Let t(j) = j**3 + 5*j**2 + 3. Let w be t(-5). Suppose w*r = 6*r - 5*f - h, -f = -r + 207. Is r a prime number?
True
Let i be 0 + 3 + -4 + 2621. Let q = i - 1662. Is q a composite number?
True
Suppose -3*t - b = -38, 2*t + 3 = 6*b - b. Let k = -15 + t. Let l(s) = s**3 + 6*s**2 + 5*s - 3. Is l(k) a composite number?
True
Let n be (-1)/5 + (-82)/(-10). Suppose 16*r - 18*r = -n. Is r/(-12)*(-157 + -2) a composite number?
False
Let g = 29250 + -17872. Suppose -g + 1849 = -13*q. Is q composite?
False
Suppose -4*l = -17 - 7. Suppose k + 1 - l = 0. Suppose -3*y + 1668 = -z, k*y - 2*z = 3*z + 2770. Is y composite?
False
Let i(h) = -15*h + 22. Let v = -31 + 22. Is i(v) a prime number?
True
Let q(d) = 129*d. Let b(m) = 388*m + 1. Let k(j) = -2*b(j) + 7*q(j). Let o be k(5). Suppose -2*h + o - 59 = 0. Is h a composite number?
True
Let l(s) = 13*s**2 - 30*s - 10. Is l(-9) a prime number?
False
Let p = 42 + -42. Suppose 4*k = -5*q + 4603, q - k - 344 - 573 = p. Is q a prime number?
True
Is (4 - -4 - -884) + -5 prime?
True
Let i = 20 + -40. Suppose -35 = 5*s - 5*v, 2*s - 2*v + 22 = -2*s. Is i/35*1106/s a prime number?
False
Suppose 2*h = -3*o + 15, 2*h + 32 = 5*h - 5*o. Is ((-29345)/15 + 5)/((-6)/h) a composite number?
False
Let q(u) = -3*u**2 + 4. Let y be q(0). Let o be 3/6 + y/(-8). Suppose o = -5*b - 59 + 324. Is b a prime number?
True
Suppose 8*v = 4*v + 44. Let c = -11 + v. Is c + -2*154/(-4) prime?
False
Is 303668/267 - (-4)/6 composite?
True
Let j(m) = -14*m**3 - 3*m**2 - 2*m + 8. Is j(-5) a prime number?
True
Let z = 1172 + -733. Is z composite?
False
Let t be (-642)/(-9) + 8/(-6). Let m(r) = r**3 - 17. Let a be m(0). Let p = t - a. Is p composite?
True
Let j(d) = -652*d + 473. Is j(-38) a composite number?
True
Let y = -4 - -6. Suppose 2*i + u - 18 = 0, 4*i + 2*u + 2*u - 28 = 0. Suppose 0 = -y*n + 9 + i. Is n a composite number?
True
Let b be 6*1/(-8) + 90/24. Suppose -3692 = -b*t + 5*h, 4*t + 4*h - h = 4942. Is t a composite number?
True
Suppose 34*i - x = 37*i - 61316, -3*i = 5*x - 61336. Is i composite?
True
Suppose -13885 = -8*f + 59707. Is f composite?
False
Let m(g) = -10*g. Let j be m(1). Let l be j/6 - (-4)/(-12). Is (1 - l/(-1)) + 164 prime?
True
Suppose 3515 = -9*m + 24404. Is m a prime number?
False
Let f be (108/63)/((-2)/(-7)). Suppose 3*u = -3*j + f, -3*u = -4*j + 5 + 3. Suppose u = 2*w - 163 - 3. Is w a composite number?
False
Suppose -4*z - 8 = 0, -3*p - p + 482 = -5*z. Is p a prime number?
False
Suppose 0 = 3*r - 4*o - 1473, 6*r - 3*r - 1449 = -4*o. Is r a prime number?
True
Let t be 9/(-6) + 0 + 2534/(-4). Let n = -342 - t. Is n a prime number?
True
Let y(d) = d**2 + d. Let t(f) = 323*f**3 + 2*f**2 + 3*f + 1. Let l(s) = -t(s) + 3*y(s). Is l(-1) composite?
True
Suppose l + 128311 = 5*q - 4620, -4 = -l. Is q a composite number?
True
Let u = -27 + 38. Let n = 14 - u. Suppose n*f - 447 = 888. Is f composite?
True
Suppose -4*x = -6*x + 8, -4*x + 90578 = 2*v. Is v composite?
False
Suppose -v = 1 - 3. Let l be -1*(-1 - v/1). Suppose -l*c = -109 - 128. Is c composite?
False
Let w(o) = o**3 + 20*o**2 - 61*o + 39. Is w(-17) a prime number?
False
Let d(h) be the first derivative of 5*h**3/3 - h + 2. Let z be d(-1). Is -58*z/24*-21 prime?
False
Suppose 91479 = 11*w - 65018. Is w a prime number?
False
Suppose -2*s - 6708 = -5*s - 2*f, -6729 = -3*s + 5*f. Suppose -2*a - 5*w + 1969 = 0, 4*w = 3*a - 773 - s. Is a composite?
False
Let u be 0 - 49/(-2) - (-5)/10. Let x = 180 + u. Is x prime?
False
Let g = 24 + -23. Suppose -z - g = -3. Suppose 20 - 606 = -4*v - 5*p, -5*v + 741 = z*p. Is v a prime number?
True
Suppose n + 0*n - 4640 = x, -2*x - 9286 = n. Let r be x/(-2) + 5 + -2. Suppose -2*o - r = -6*o. Is o a composite number?
True
Let h be 3/(3 - 6)*-1. Is -1 - -5 - (h + -370) a prime number?
True
Let q = -43930 - -71363. Is q a prime number?
False
Let s = -20 + 28. Is (1353 + s)*(2 - 1) composite?
False
Let s = 66310 - 18567. Is s prime?
True
Let x be 12*(3/(-6) + 3). Let z = 61 - x. Let d = 54 - z. Is d a composite number?
False
Suppose 4*s - 34 = 3*i + 2*i, 0 = 3*s + 3*i - 12. Is s*(693/2 - -4) a prime number?
False
Suppose 4*t = t. Let j(c) = 4*c**2 + 2*c + t*c**3 - 13*c**2 + 5*c - 1 + 2*c**3. Is j(7) prime?
True
Suppose -4*i = -9*i + 18885. Suppose -4*o - 2*m - 2*m = -5036, 3*m = 3*o - i. Is o prime?
True
Let m(c) be the third derivative of -c**6/240 - c**5/60 + c**4/24 + c**2. Let n(a) be the second derivative of m(a). Is n(-7) a prime number?
True
Suppose c + c = 44. Suppose c = 5*j + 2. Suppose -5 = j*x + 3, 2*x + 577 = 3*i. Is i composite?
False
Let r(n) be the third derivative of n**6/15 + n**5/30 - n**4/24 + 2*n**3/3 + 19*n**2. Is r(2) composite?
True
Let u(s) = 37*s**2 + 12 + 3*s**2 - 57 - 6*s - 2*s. Is u(-8) prime?
True
Suppose -2*r = 9*r - 11. Is 249 + r + 8/(32/12) a composite number?
True
Suppose -2*x - 4*s = 3*x - 11657, 6995 = 3*x + 2*s. Is x prime?
True
Is (15/(-3))/(-2 - -1) - -4352 prime?
True
Suppose 0 = 2*w + 5*b - 6152, -24*w + 5*b - 3066 = -25*w. Is w a prime number?
False
Let a(n) = 51*n**2 - 22*n + 14. Is a(-5) a composite number?
False
Suppose -5*n + 4*i + 7 = 0, 3*n - 5*n - 2*i - 8 = 0. Let l be (-12 - -13)/(n/2). Is -327*(l + 10/6) a composite number?
False
Suppose -8*u + 0*u + 84712 = 0. Is u composite?
False
Let l = 15 - 18. Let w(z) = -2*z**3 - 6*z**2 - 8*z - 4. Let i be w(l). Suppose -22*u + 1262 = -i*u. Is u composite?
False
Suppose 40298 = 5*m - 3*c, c - 2*c = -2*m + 16119. Is m prime?
True
Let v be 0 + 2 + (0 - 0). Suppose -9 = v*i + 15. Is (i + -5)/(2/(-10)) prime?
False
Let g be ((-5)/10)/((-1)/(-778)). Suppose -1656 = -2*y - y. Let l = g + y. Is l a composite number?
False
Let t(g) = 20*g**3 + 2*g**2 + 2*g + 6. Let i(l) = -l**2 + 1. Let w(v) = i(v) - t(v). Is w(-3) a prime number?
False
Suppose 0 = f - c - 440 + 113, 5*c = -3*f + 1021. Let g = 75 + 169. Suppose -2*i = 2*z - f - g, i = 4*z - 1177. Is z prime?
True
Let o = -14 + 15. Suppose -2*t + 4*b - o - 1 = 0, 0 = 2*t - 3*b. Suppose t*r = 67 + 26. Is r a composite number?
False
Let x(p) = 2*p**3 + 5*p**2 - 4*p + 15. Let b be x(9). Suppose -5*h - 3*a = -5, 3*h + h - 4*a - 36 = 0. Suppose h*q = 2 + 2, -3*q + b = 3*i. Is i a prime number?
True
Suppose -7*m + 2*m = -d - 53, 0 = -m + d + 13. Let l be (-48)/m*140/7. Let r = l + 149. Is r a prime number?
True
Is (108/72)/((-3)/(-8566)) prime?
True
Let r be 0/(4 - 4 - -1). Suppose r*y + 3*y = 3*f - 4689, 2*f + 3*y - 3146 = 0. Is f prime?
True
Let d = 59 + -54. Suppose 9*r + d*r - 6818 = 0. Is r composite?
False
Let o(t) = t**3 + 17*t**2 + 4*t - 125. Is o(36) a composite number?
True
Let k = 17734 - 6383. Is k a composite number?
False
Let u(a) = 2*a**2 - 16*a + 33. Let k be u(9). Let b = -49 + 81. Let z = k - b. Is z composite?
False
Suppose 5*b + 2884 = b. Let x = -240 - b. Is x prime?
False
Suppose -3*c + 637 = 4*c. Is c + 0*(-1)/(-3) a prime number?
False
Let q = -229 + 220. Let o(r) = 2*r + 10*r**2 + 0*r + r**3 + 0*r**3 - 12. Is o(q) a prime number?
False
Suppose 3*a - 8 = 7. Suppose u - 2*u - 6 = 4*h, -a*u + 46 = h. Let r = u - -64. Is r a prime number?
False
Let w be (-4)/14 + 407/77. Suppose -h = -3*z - w*h + 699, -2*h = 6. Is z a composite number?
True
Let v be (1 + -2)/((-11)/(-1947)). Is v*14*(-2)/12 composite?
True
Suppose 3906 - 127743 = -7*s. Is s a composite number?
True
Suppose -4*q = -4*v - 8, -3*q = 3*v + v + 8. Suppose q*a + 8*a - 3944 = 0. Is a prime?
False
Let k = 7007 + 5724. Is k a composite number?
True
Suppose c - 3*j = -3*c + 6926, 0 = 4*c - 4*j - 6924. Is c a composite number?
False
Let v = -21 + 103. Let r = 79 + -34. Let g = v - r. Is g prime?
True
Let s be 1/3 - 8/(-3). Suppose -5*b = -5*g + 525, -s*g - b + 209 + 126 = 0. Let m = g + -21. Is m composite?
False
Let v = 21023 - 11410. Is v a prime number?
True
Let w be 4/18 + 3115/(-45). Let u = 59 - w. Let c = u - 57. Is c composite?
False
Let j be (-4 - (-744 + 3))*1. Let k = 1308 - j. Is k a prime number?
True
Let b = -1919 - -1152. Let s = b + 3694. Is s a composite number?
False
Let x(q) = -7*q + 14. Let r(v) = -111*v + 225. Let p(o) = -2*r(o) + 33*x(o). Let i be p(10). Let b = i + 111. Is b prime?
False
Let s = -1798 + 6671. Is s a prime number?
False
Let x be (4/(-12))/((-4)/36). Let m(z